{"id":707,"date":"2023-12-06T12:15:41","date_gmt":"2023-12-06T12:15:41","guid":{"rendered":"https:\/\/www.ipjyc.gob.ar\/JEL\/?page_id=707"},"modified":"2024-11-26T16:04:07","modified_gmt":"2024-11-26T16:04:07","slug":"publicidadresponsable","status":"publish","type":"page","link":"https:\/\/www.ipjyc.gob.ar\/JEL\/publicidadresponsable\/","title":{"rendered":"Publicidad Responsable"},"content":{"rendered":"<p>[et_pb_section fb_built=\u00bb1&#8243; next_background_color=\u00bb#ffffff\u00bb disabled_on=\u00bboff|off|off\u00bb admin_label=\u00bbServices\u00bb _builder_version=\u00bb4.22.2&#8243; _module_preset=\u00bbdefault\u00bb background_enable_color=\u00bboff\u00bb background_image=\u00bbhttps:\/\/www.ipjyc.gob.ar\/JEL\/wp-content\/uploads\/2023\/11\/Banner-fino-para-paginas-JEL-completo-1.jpg\u00bb background_size=\u00bbcontain\u00bb custom_padding=\u00bb0px||5px|||\u00bb bottom_divider_style=\u00bbwave2&#8243; bottom_divider_flip=\u00bbvertical|horizontal\u00bb background_last_edited=\u00bbon|phone\u00bb background_size_phone=\u00bbcover\u00bb background_position_phone=\u00bbcenter\u00bb collapsed=\u00bbon\u00bb global_colors_info=\u00bb{}\u00bb][et_pb_row _builder_version=\u00bb4.22.2&#8243; _module_preset=\u00bbdefault\u00bb width=\u00bb100%\u00bb min_height=\u00bb180.6px\u00bb custom_margin=\u00bb|auto|7px|auto||\u00bb custom_padding=\u00bb||0px|||\u00bb global_colors_info=\u00bb{}\u00bb][et_pb_column type=\u00bb4_4&#8243; _builder_version=\u00bb4.17.4&#8243; _module_preset=\u00bbdefault\u00bb global_colors_info=\u00bb{}\u00bb][et_pb_text _builder_version=\u00bb4.22.2&#8243; _module_preset=\u00bbb327cbe4-b1d5-4b66-ad37-40c8f2f061ba\u00bb header_2_font=\u00bbInter|700|||||||\u00bb header_2_text_color=\u00bb#FFFFFF\u00bb header_2_font_size=\u00bb48px\u00bb header_2_line_height=\u00bb1.2em\u00bb text_orientation=\u00bbcenter\u00bb min_height=\u00bb37.6px\u00bb custom_margin=\u00bb13px|||||\u00bb custom_padding=\u00bb8px||33px|||\u00bb animation_style=\u00bbfade\u00bb header_2_font_size_tablet=\u00bb32px\u00bb header_2_font_size_phone=\u00bb20px\u00bb header_2_font_size_last_edited=\u00bbon|desktop\u00bb global_colors_info=\u00bb{}\u00bb]<\/p>\n<h2>Publicidad Responsable<\/h2>\n<p>[\/et_pb_text][\/et_pb_column][\/et_pb_row][\/et_pb_section][et_pb_section fb_built=\u00bb1&#8243; _builder_version=\u00bb4.22.2&#8243; _module_preset=\u00bbdefault\u00bb global_colors_info=\u00bb{}\u00bb][et_pb_row _builder_version=\u00bb4.22.2&#8243; _module_preset=\u00bbdefault\u00bb custom_margin=\u00bb-73px|auto||auto||\u00bb global_colors_info=\u00bb{}\u00bb][et_pb_column type=\u00bb4_4&#8243; _builder_version=\u00bb4.22.2&#8243; _module_preset=\u00bbdefault\u00bb global_colors_info=\u00bb{}\u00bb][et_pb_text _builder_version=\u00bb4.22.2&#8243; _module_preset=\u00bbdefault\u00bb custom_margin=\u00bb|30px||30px|false|true\u00bb global_colors_info=\u00bb{}\u00bb]<\/p>\n<p style=\"text-align: justify;\">La <strong>Publicidad Responsable<\/strong> es aquella que se realiza de manera \u00e9tica y consciente, teniendo en cuenta su impacto en la sociedad y en medio ambiente. Se trata de una forma de publicidad que se enfoca en la transparencia y honestidad, y que respeta los derechos y necesidades de los consumidores.<\/p>\n<p style=\"text-align: justify;\">La Divisi\u00f3n de Publicidad Responsable, de la Gcia. de Juego en L\u00ednea del IPJC se encarga de que los licenciatarios cumplan con los est\u00e1ndares establecidos, equilibrando los intereses comerciales con respeto por los valores y los derechos de la sociedad, promoviendo una comunicaci\u00f3n \u00edntegra y correcta, en el momento de promocionar sus estrategias.<\/p>\n<p style=\"text-align: justify;\">Los licenciatarios de Juego en L\u00ednea de la Provincia de Mendoza, en calidad de beneficiarios de la licencia otorgada a trav\u00e9s de una licitaci\u00f3n p\u00fablica en enero de 2023, tienen la responsabilidad fundamental de cumplir estrictamente con la normativa vigente. Sin embargo, esta obligaci\u00f3n no se limita exclusivamente al cumplimiento de las leyes y regulaciones en vigor, sino que tambi\u00e9n deben respetar y cumplir una serie de pautas m\u00ednimas que reflejan el compromiso con la integridad, la \u00e9tica y el respeto por los derechos y las necesidades de los consumidores.<\/p>\n<p>[\/et_pb_text][et_pb_image src=\u00bbhttps:\/\/www.ipjyc.gob.ar\/JEL\/wp-content\/uploads\/2024\/11\/Pautas-Publicidad-responsable.png\u00bb title_text=\u00bbPautas Publicidad responsable\u00bb align=\u00bbcenter\u00bb _builder_version=\u00bb4.22.2&#8243; _module_preset=\u00bbdefault\u00bb animation_style=\u00bbslide\u00bb hover_enabled=\u00bb0&#8243; global_colors_info=\u00bb{}\u00bb sticky_enabled=\u00bb0&#8243;][\/et_pb_image][\/et_pb_column][\/et_pb_row][\/et_pb_section][et_pb_section fb_built=\u00bb1&#8243; admin_label=\u00bbReources\u00bb _builder_version=\u00bb4.17.4&#8243; _module_preset=\u00bbdefault\u00bb custom_margin=\u00bb-56px|||||\u00bb custom_padding=\u00bb0px||7px|||\u00bb collapsed=\u00bbon\u00bb global_colors_info=\u00bb{}\u00bb][et_pb_row column_structure=\u00bb1_2,1_2&#8243; use_custom_gutter=\u00bbon\u00bb gutter_width=\u00bb2&#8243; make_equal=\u00bbon\u00bb _builder_version=\u00bb4.22.2&#8243; _module_preset=\u00bbdefault\u00bb custom_padding=\u00bb3px||5px||false|false\u00bb global_colors_info=\u00bb{}\u00bb][et_pb_column type=\u00bb1_2&#8243; _builder_version=\u00bb4.22.2&#8243; _module_preset=\u00bbdefault\u00bb background_enable_color=\u00bboff\u00bb custom_padding=\u00bb60px|60px|60px|60px|true|true\u00bb custom_padding_tablet=\u00bb30px|30px|30px|30px|true|true\u00bb custom_padding_phone=\u00bb20px|20px|20px|20px|true|true\u00bb custom_padding_last_edited=\u00bbon|desktop\u00bb global_colors_info=\u00bb{}\u00bb][et_pb_heading title=\u00bbHerramientas de Juego Responsable\u00bb _builder_version=\u00bb4.22.2&#8243; _module_preset=\u00bbdefault\u00bb animation_style=\u00bbslide\u00bb animation_direction=\u00bbleft\u00bb global_colors_info=\u00bb{}\u00bb][\/et_pb_heading][et_pb_text _builder_version=\u00bb4.22.2&#8243; _module_preset=\u00bbdefault\u00bb animation_style=\u00bbfade\u00bb global_colors_info=\u00bb{}\u00bb]<\/p>\n<p style=\"text-align: justify;\">En el marco de la regulaci\u00f3n del Juego en L\u00ednea en la Provincia de Mendoza, las plataformas de Juego en Linea autorizadas deben disponer de Herramientas de Juego Responable. \u00c9stas permiten al jugador realizar un control sobre su juego, realizar seguimiento de sus conductas, tomar decisiones sobre sus l\u00edmites de juego, autoevaluarse e inclusive iniciar el tr\u00e1mite de pre autoexcluci\u00f3n.<\/p>\n<p>[\/et_pb_text][\/et_pb_column][et_pb_column type=\u00bb1_2&#8243; _builder_version=\u00bb4.22.2&#8243; _module_preset=\u00bbdefault\u00bb background_enable_image=\u00bboff\u00bb global_colors_info=\u00bb{}\u00bb][et_pb_image src=\u00bbhttps:\/\/www.ipjyc.gob.ar\/JEL\/wp-content\/uploads\/2023\/09\/Infografia-listado-hexagonos-retro-futurista-videojuegos-neon-rosa-y-turquesa-2.png\u00bb title_text=\u00bbInfografia-listado-hexagonos-retro-futurista-videojuegos-neon-rosa-y-turquesa-2&#8243; _builder_version=\u00bb4.22.2&#8243; _module_preset=\u00bbdefault\u00bb width=\u00bb94.9%\u00bb global_colors_info=\u00bb{}\u00bb][\/et_pb_image][\/et_pb_column][\/et_pb_row][et_pb_row _builder_version=\u00bb4.22.2&#8243; _module_preset=\u00bbdefault\u00bb global_colors_info=\u00bb{}\u00bb][et_pb_column type=\u00bb4_4&#8243; _builder_version=\u00bb4.22.2&#8243; _module_preset=\u00bbdefault\u00bb global_colors_info=\u00bb{}\u00bb][et_pb_heading title=\u00bbC\u00f3digo de Buenas Pr\u00e1cticas para la Publicidad Responsable de Juegos de Azar Online en Argentina.\u00bb _builder_version=\u00bb4.22.2&#8243; _module_preset=\u00bbdefault\u00bb animation_style=\u00bbslide\u00bb animation_direction=\u00bbleft\u00bb global_colors_info=\u00bb{}\u00bb][\/et_pb_heading][et_pb_text _builder_version=\u00bb4.22.2&#8243; _module_preset=\u00bbdefault\u00bb animation_style=\u00bbfade\u00bb global_colors_info=\u00bb{}\u00bb]<\/p>\n<p style=\"text-align: justify;\">A trav\u00e9s de la Resoluci\u00f3n de Directorio 168 del 2022, el Instituto Provincial de Juegos y Casinos adhiere al <strong>C\u00f3digo de Buenas Pr\u00e1cticas para la Publicidad Responsable de Juegos de Azar Online en Argentina.<\/strong><\/p>\n<p>[\/et_pb_text][\/et_pb_column][\/et_pb_row][\/et_pb_section][et_pb_section fb_built=\u00bb1&#8243; _builder_version=\u00bb4.22.2&#8243; _module_preset=\u00bbdefault\u00bb custom_padding=\u00bb3px|||||\u00bb global_colors_info=\u00bb{}\u00bb][et_pb_row _builder_version=\u00bb4.22.2&#8243; _module_preset=\u00bbdefault\u00bb global_colors_info=\u00bb{}\u00bb][et_pb_column type=\u00bb4_4&#8243; _builder_version=\u00bb4.22.2&#8243; _module_preset=\u00bbdefault\u00bb global_colors_info=\u00bb{}\u00bb][et_pb_code _builder_version=\u00bb4.22.2&#8243; _module_preset=\u00bbdefault\u00bb global_colors_info=\u00bb{}\u00bb]<iframe loading=\"lazy\" src=\"https:\/\/www.ipjyc.gob.ar\/JEL\/wp-content\/uploads\/2024\/11\/Res.-Dir.-16822-\u2013-Codigo-de-Referencia-Publicidad-Responsable-de-Juegos-de-Azar-ALEA.pdf\" style=\"border:0px #ffffff none;\" name=\"myiFrame\" scrolling=\"no\" frameborder=\"1\" marginheight=\"0px\" marginwidth=\"0px\" height=\"600px\" width=\"100%\" allowfullscreen><\/iframe>[\/et_pb_code][\/et_pb_column][\/et_pb_row][\/et_pb_section]<\/p>\n","protected":false},"excerpt":{"rendered":"<p>Publicidad ResponsableLa Publicidad Responsable es aquella que se realiza de manera \u00e9tica y consciente, teniendo en cuenta su impacto en la sociedad y en medio ambiente. Se trata de una forma de publicidad que se enfoca en la transparencia y honestidad, y que respeta los derechos y necesidades de los consumidores. La Divisi\u00f3n de Publicidad [&hellip;]<\/p>\n","protected":false},"author":2,"featured_media":0,"parent":0,"menu_order":0,"comment_status":"closed","ping_status":"closed","template":"","meta":{"_et_pb_use_builder":"on","_et_pb_old_content":"","_et_gb_content_width":"","footnotes":""},"class_list":["post-707","page","type-page","status-publish","hentry"],"_links":{"self":[{"href":"https:\/\/www.ipjyc.gob.ar\/JEL\/wp-json\/wp\/v2\/pages\/707","targetHints":{"allow":["GET"]}}],"collection":[{"href":"https:\/\/www.ipjyc.gob.ar\/JEL\/wp-json\/wp\/v2\/pages"}],"about":[{"href":"https:\/\/www.ipjyc.gob.ar\/JEL\/wp-json\/wp\/v2\/types\/page"}],"author":[{"embeddable":true,"href":"https:\/\/www.ipjyc.gob.ar\/JEL\/wp-json\/wp\/v2\/users\/2"}],"replies":[{"embeddable":true,"href":"https:\/\/www.ipjyc.gob.ar\/JEL\/wp-json\/wp\/v2\/comments?post=707"}],"version-history":[{"count":11,"href":"https:\/\/www.ipjyc.gob.ar\/JEL\/wp-json\/wp\/v2\/pages\/707\/revisions"}],"predecessor-version":[{"id":1053,"href":"https:\/\/www.ipjyc.gob.ar\/JEL\/wp-json\/wp\/v2\/pages\/707\/revisions\/1053"}],"wp:attachment":[{"href":"https:\/\/www.ipjyc.gob.ar\/JEL\/wp-json\/wp\/v2\/media?parent=707"}],"curies":[{"name":"wp","href":"https:\/\/api.w.org\/{rel}","templated":true}]}}